 + -25. Let r(u) = 11*u**2 - 2*u + 1. Calculate r(g).
10
Let c(x) = -x**3 + 18*x**2 + 17*x + 38. Suppose 4*z = n + 79, -46 = -5*z + n + 52. Give c(z).
0
Let h be (-1 - 5)*2/(-3). Let u(m) = h - 2 + 13*m**2 - 1. What is u(1)?
14
Let d(m) = 3*m**3 + 1. Let y(c) = 19*c**3 + 7*c**2 - c + 16. Let j(q) = 6*d(q) - y(q). What is j(-7)?
-17
Let q(k) be the third derivative of 11/6*k**3 + 0*k**4 - 1/120*k**6 + 0*k + 0 - 3/20*k**5 - 21*k**2. Determine q(-9).
11
Let d be (-1)/(-2) + 371/106. Let i(g) be the first derivative of 1/3*g**3 - 1/4*g**4 - 6*g + 0*g**2 - d. What is i(0)?
-6
Suppose -3*z - 15 = -5*q, 3*q - 5 = -2*z + 4. Suppose z*i + 9 = 3*i. Suppose 2*x + 0*w - 18 = 2*w, 13 = 2*x + i*w. Let d(j) = -j**2 + 8*j - 6. What is d(x)?
-6
Let y(u) = u**2 + 16*u + 42. Let v be y(-12). Let x(s) = -s**2 - 11*s - 28. What is x(v)?
2
Let a(k) = 4*k + 43. Suppose 221 = -3*u + 194. Calculate a(u).
7
Let n(x) = -x**3 - 3*x**2 + x + 4. Suppose 34*h - 41*h - 21 = 0. Let d be n(h). Let a(v) = -25*v**2. Calculate a(d).
-25
Let l(a) = -4*a - 37. Suppose 90*w = 89*w - 11. Give l(w).
7
Suppose 0 - 2 = -a. Let t be 7 - (3 - (0 + a)). Let i(b) be the second derivative of -b**3/6 + 11*b**2/2 - 1044*b. Give i(t).
5
Let k(w) = w - 11. Let s be k(12). Let a = s + -2. Let z(c) = 9*c**2 + 1. Give z(a).
10
Let s(f) = f**2 + 12*f + 20. Let r be s(-8). Let x be 1*8/r*-3. Let a(y) = y**2 + 1 + 3 - 4*y + 3*y - 6 + y**3. What is a(x)?
8
Let g(x) = -x**2 + 4*x. Suppose 48 = -m + 5*m. Suppose 2*v - m = -0*v. Calculate g(v).
-12
Let z(n) be the first derivative of n**2 - 5*n + 259. Let j(t) = -t**2 - 5*t - 7. Let c be j(-5). What is z(c)?
-19
Let t(s) = 2*s. Let z be t(-2). Let l(o) be the first derivative of -o**3/3 - 2*o**2 + 3*o - 5. Determine l(z).
3
Suppose -2*j - 6*v + 5*v + 4 = 0, 12 = -3*j + 3*v. Let t(y) = -y**3 + y - 18. Give t(j).
-18
Let o = 421 + -418. Let k(z) be the second derivative of z + 0 + 1/6*z**o - 1/2*z**2 - 1/2*z**4. Calculate k(1).
-6
Suppose -z = -2*s + 1, 3*s - 2 = 4*z + 2. Let q(a) be the second derivative of -a**5/20 + a**4/12 - a**3/6 + a**2 - 889*a. Give q(s).
2
Let n(y) be the third derivative of y**5/60 + 5*y**4/24 + y**3 - 2*y**2. Let o be n(-5). Let u(l) = 6*l + 15*l - 15*l - l**2 - 6. What is u(o)?
-6
Let m(n) = n**3 - 6*n**2 + 6*n + 5. Let j be m(5). Let u be 10/(-25) + 4/j. Suppose u = v + 1 - 2. Let h(c) = c**2 + c - 1. Give h(v).
1
Suppose 58*f = 95 + 137. Let j(u) = -u**3 + 4*u**2 + 9*u - 13. What is j(f)?
23
Let i(w) = -5*w - 5. Let y(c) = 5*c + 5. Let u(z) = -4*i(z) - 3*y(z). Give u(-2).
-5
Let g(p) = 5*p**2 + 13*p - 9. Let k(m) = -m**2 - 1. Let q(t) = g(t) + 4*k(t). Let h(x) = -2*x + 2. Let j(a) = 39*h(a) + 6*q(a). Determine j(1).
6
Let g(h) = -h**2 + 13*h - 2. Suppose 25*s = -189 + 514. What is g(s)?
-2
Let h(l) be the second derivative of l**5/120 - 7*l**4/24 - 43*l**3/6 - 21*l. Let d(z) be the second derivative of h(z). Calculate d(7).
0
Let u(i) = i - 5. Let x be u(6). Let q(z) = z**2 + z - 1. Let l be (-1)/(-4*2/(-8)). Let p(f) = f**2 - f + 1. Let o(d) = l*p(d) - q(d). Give o(x).
-2
Suppose 2*g - 2 = 0, 2*t = -2*t - 5*g + 5. Suppose r = -t*r - 1. Let x(b) = b**3 + 1. Calculate x(r).
0
Let z(x) = -x + 15. Let l be (-14)/(4 - (-4 + (-70)/(-7))). Determine z(l).
8
Let y(j) = 26*j**2 + 4*j - 4. Suppose -2*n + 30*n - 28 = 0. Give y(n).
26
Suppose 3 + 3 = 2*s. Let z = 20 + -13. Let v(f) = 9*f**2 + z - 9 - 3*f**2 + f**s - 8*f - 7. Calculate v(-7).
-2
Let a(q) = -2*q**3 - 18*q**2 - 4*q - 40. Let k be a(-9). Let i(p) = 2*p**3 - 3*p**2 - 3*p**3 + 4 - p**2 - 9. Determine i(k).
-5
Let u(b) = b**2 - 10*b - 2. Suppose 39 = 11*l - 7*l - c, -4*c + 4 = 0. Determine u(l).
-2
Let w(x) = x**2 - 4*x + 1. Let f(r) = -5*r**3 + 12*r**2 - 3*r - 19. Let o(q) = -q**3 - q**2 - q. Let c(y) = -f(y) + 4*o(y). Let i be c(16). Calculate w(i).
-2
Suppose v + 4*v = -l + 32, -3*v = -3*l + 96. Let c(k) = -66 - k + l + 34. Determine c(2).
-2
Let x = -2 - -1. Suppose 12 = 4*k - 0. Let n(c) = -15*c**3 - 21*c**k + c**2 + 34*c**3 - 2*c**2. What is n(x)?
1
Let z(v) be the second derivative of -v**3/3 - 43*v**2/2 - 83*v. Calculate z(-19).
-5
Let q(a) = -a**2 + 8*a - 12. Suppose 60 = 9*g - 2*v, 19*g - 12 = 16*g - 2*v. Give q(g).
0
Let i(a) = -a**2 + a + 9. Let d(s) = s**3 - 75*s**2 - 7. Let l be d(75). What is i(l)?
-47
Let k(s) = -s**3 + 7*s**2 - 2*s + 8. Suppose 4*c = 6*c - 50. Let o = -18 + c. Give k(o).
-6
Let v(h) = -17*h - 55. Let d(w) = 5*w + 18. Let p(f) = -7*d(f) - 2*v(f). Calculate p(0).
-16
Let h(d) = 15*d**3 - d**2 + 1. Suppose 31*k = 6*k + 25. Determine h(k).
15
Let f(c) = -c**2 - c. Let h(v) = -v**3 + 10*v**2 + 4. Let w(y) = -2*y**3 - y**2 + y - 1. Let p be w(1). Let x(b) = p*f(b) - h(b). Determine x(7).
17
Let k(l) = -2*l**2 + 4*l - 4. Let s(n) = 3*n**2 - 5*n + 5. Let p(j) = 4*k(j) + 3*s(j). What is p(4)?
19
Let f(p) be the third derivative of -p**5/60 + p**4/6 + 3*p**2. Let r = 38 + -32. Give f(r).
-12
Let z(o) = -o**3 + 4*o**2 + 6*o - 1. Let u(r) = -r**3 - 4*r + 5. Let y be u(0). Give z(y).
4
Let p(f) = -2*f + 1. Let w be p(1). Let a(u) be the first derivative of 1/2*u**2 + 0*u + 7. Calculate a(w).
-1
Let g(p) = -5*p**3 - 2*p**2 - 2*p - 1. Let v be 23/5 + (-14)/(-35). Suppose 16 - 21 = v*t. Give g(t).
4
Let q = 3 - 1. Let o(y) = y + 3*y**q + y**2 - 2*y**2 - 8 - y**2. Suppose 0 = 5*k - k. Determine o(k).
-8
Let j(m) = -3*m**2 + 5*m - 5. Let w(z) = z**2 + 2*z - 1. Let u(d) = -j(d) - 2*w(d). What is u(7)?
-7
Suppose -3*x - 4 - 8 = 0. Let n(s) = -62 + 4*s**3 + 4*s**2 + 58 + 2*s - 2*s**3 - s**3. What is n(x)?
-12
Let u(n) be the second derivative of n**4/12 + 12*n + 9. Let o(x) = -x + 11. Let b be o(8). Suppose b*r - y = -5, 2*y = 2*r - 2*y + 20. Give u(r).
0
Let t(d) = 9*d**2 + d**2 - 17*d**2 + 7*d - 10 + 5*d**2 + d**2. Give t(8).
-18
Suppose 123*b + 40 = 113*b. Let y(a) be the third derivative of 0 + 0*a - 1/6*a**3 + 1/24*a**4 - a**2. What is y(b)?
-5
Suppose -2*h = -2*o - 8, -3*h = 2*o - 6*o - 14. Let m(r) = -13*r + 3. Let w(d) = d - 28 - 5*d + 29. Let v(x) = -6*m(x) + 21*w(x). Give v(h).
-9
Let u(k) be the second derivative of k**4/12 - 7*k**3/6 + 5*k**2/2 - 18*k + 14. Give u(7).
5
Let g(o) = 14*o**3 - 4*o**2 - 21*o + 17. Let y(s) = 5*s**3 - s**2 - 7*s + 6. Let k(p) = 6*g(p) - 17*y(p). Let h = -48 - -42. Give k(h).
6
Let n(o) = -117*o + o**3 + 14*o**2 + 117*o - 3 - 13*o**2. What is n(0)?
-3
Let z(c) = 5*c - 5*c**3 + 2*c**3 + 2*c**3 - 4*c. Let k = 6 - 3. Suppose -2*t - 3*i + 12 = 0, 0 = -k*t + i - 2*i + 4. Calculate z(t).
0
Let z(v) = 26*v**3 - 3*v + 5. Let c(o) = 2*o**3 - o + 1. Let h(k) = -4*c(k) + z(k). Give h(-1).
-18
Let c(f) = 0*f + 2195 + f - 2196. Calculate c(3).
2
Let u(h) = -7*h - 168. Let m be u(-25). Let y(p) = -p - 3. Give y(m).
-10
Let i(c) be the third derivative of 1/6*c**3 + 35*c**2 + 0 - 1/8*c**4 + 0*c. What is i(1)?
-2
Let n(q) = -q**3 + 5*q**2 - 2*q + 39. Let g be n(6). Let z(j) = j**2 + 9*j + 6. Determine z(g).
6
Let h(p) = 23*p**2 + 7*p + 33. Let x(v) = -12*v**2 - 4*v - 18. Let i(f) = 6*h(f) + 11*x(f). Determine i(2).
20
Let r(j) be the third derivative of j**4/12 - 5*j**3/2 + 37*j**2. Determine r(11).
7
Let y(u) = -3*u - 13. Let z be y(-5). Let g(v) = -8 - 9*v + v**2 + z*v - 1 + 0. Give g(7).
-9
Let p(o) = o**3 + 7*o**2 - o - 4. Let b(n) = -1. Let x(t) = 6*b(t) + p(t). Give x(-7).
-3
Let f(d) = 2*d - 12*d**2 + d**3 - 16 - 10*d + 10*d. Give f(12).
8
Suppose 0 = 4*p + 52 - 40, -30 = -3*k + 5*p. Let r(j) = -j**2 + 4*j - 7. Calculate r(k).
-12
Let j(z) = -3*z + 1. Let c be (2 - 4/4) + 33. Let m = c - 36. What is j(m)?
7
Let o be (-6)/(-3 + 0)*-24. Let w be 1/3 + o/9. Let t(y) be the third derivative of -y**6/120 - y**5/12 + y**3/3 - 6*y**2. Give t(w).
2
Let c(p) = -p**2 - 8*p - 11. Suppose 0 = -2*f + 2*k, -4*f - 165*k - 10 = -167*k. Give c(f).
4
Let b(m) be the second derivative of -m**5/20 - m**4/6 - m**3/6 - 2295*m. Suppose -z + j = -0*j + 1, 0 = -4*j + 20. Suppose 2*a = z*a + 2. Calculate b(a).
0
Suppose -3*p + s + s + 26 = 0, -p + 14 = -2*s. Let c(q) = -13*q**2 - 2*q - 2. Let l(b) = 2*b**2 + b + 1. Let g(m) = c(m) + 6*l(m). Calculate g(p).
-8
Let c(y) = -3*y - 1. Let k(l) = -l. Suppose 16*v - 5*v = -66. Let n(s) = v*c(s) + 17*k(s). Let r be (-2 - -2)/(-1) - 0. Calculate n(r).
6
Let i(m) = m**3 + m**2 + m + 7. Let q = 238 + -238. Give i(q).